{"id":830,"date":"2025-04-04T14:51:16","date_gmt":"2025-04-04T14:51:16","guid":{"rendered":"https:\/\/colegionovodegaia.pt\/loja\/?page_id=830"},"modified":"2025-04-07T07:54:18","modified_gmt":"2025-04-07T07:54:18","slug":"condicoes-de-trocas-e-devolucoes","status":"publish","type":"page","link":"https:\/\/colegionovodegaia.pt\/loja\/condicoes-de-trocas-e-devolucoes\/","title":{"rendered":"Condi\u00e7\u00f5es de trocas e devolu\u00e7\u00f5es"},"content":{"rendered":"<h5>Prazo para Trocas e\/ou Devolu\u00e7\u00f5es:<\/h5>\n<p>O per\u00edodo para efetuar trocas ou devolu\u00e7\u00f5es \u00e9 de <strong>30 dias.<\/strong><\/p>\n<p>No caso de devolu\u00e7\u00e3o ou troca por artigo de valor inferior, a diferen\u00e7a de valor ser\u00e1 alocada na conta corrente do vestu\u00e1rio, para descontar na pr\u00f3xima compra.<\/p>\n<p><strong>Condi\u00e7\u00f5es do Produto:<\/strong> Para que a troca ou devolu\u00e7\u00e3o seja aceite, o produto deve estar em perfeitas condi\u00e7\u00f5es, sem sinais de uso, com todas as etiquetas originais e na embalagem original.<\/p>\n<p>Em caso da necessidade de um pedido de avalia\u00e7\u00e3o de uma pe\u00e7a n\u00e3o conforme, a mesma deve ser entregue previamente lavada e identificada.<\/p>\n<h5>Mais informa\u00e7\u00f5es:<\/h5>\n<p>telf.: <strong>227 662 380<\/strong><\/p>\n<p>email:\u00a0<strong><a href=\"mailto:vestuario@colegionovodegaia.pt\" target=\"_blank\" rel=\"noopener\">vestuario@colegionovodegaia.pt<\/a><\/strong><\/p>\n","protected":false},"excerpt":{"rendered":"<p>Prazo para Trocas e\/ou Devolu\u00e7\u00f5es: O per\u00edodo para efetuar trocas ou devolu\u00e7\u00f5es \u00e9 de 30 dias. No caso de devolu\u00e7\u00e3o ou troca por artigo de valor inferior, a diferen\u00e7a de valor ser\u00e1 alocada na conta corrente do vestu\u00e1rio, para descontar na pr\u00f3xima compra. Condi\u00e7\u00f5es do Produto: Para que a troca ou devolu\u00e7\u00e3o seja aceite, o [&hellip;]<\/p>\n","protected":false},"author":1,"featured_media":0,"parent":0,"menu_order":0,"comment_status":"closed","ping_status":"closed","template":"","meta":{"_et_pb_use_builder":"","_et_pb_old_content":"","_et_gb_content_width":"","footnotes":""},"class_list":["post-830","page","type-page","status-publish","hentry"],"_links":{"self":[{"href":"https:\/\/colegionovodegaia.pt\/loja\/wp-json\/wp\/v2\/pages\/830","targetHints":{"allow":["GET"]}}],"collection":[{"href":"https:\/\/colegionovodegaia.pt\/loja\/wp-json\/wp\/v2\/pages"}],"about":[{"href":"https:\/\/colegionovodegaia.pt\/loja\/wp-json\/wp\/v2\/types\/page"}],"author":[{"embeddable":true,"href":"https:\/\/colegionovodegaia.pt\/loja\/wp-json\/wp\/v2\/users\/1"}],"replies":[{"embeddable":true,"href":"https:\/\/colegionovodegaia.pt\/loja\/wp-json\/wp\/v2\/comments?post=830"}],"version-history":[{"count":5,"href":"https:\/\/colegionovodegaia.pt\/loja\/wp-json\/wp\/v2\/pages\/830\/revisions"}],"predecessor-version":[{"id":847,"href":"https:\/\/colegionovodegaia.pt\/loja\/wp-json\/wp\/v2\/pages\/830\/revisions\/847"}],"wp:attachment":[{"href":"https:\/\/colegionovodegaia.pt\/loja\/wp-json\/wp\/v2\/media?parent=830"}],"curies":[{"name":"wp","href":"https:\/\/api.w.org\/{rel}","templated":true}]}}